{"id":235,"date":"2015-05-19T02:05:23","date_gmt":"2015-05-19T02:05:23","guid":{"rendered":"http:\/\/www.drmassa.com.mx\/home\/?page_id=235"},"modified":"2015-07-14T22:00:53","modified_gmt":"2015-07-14T22:00:53","slug":"especialidades","status":"publish","type":"page","link":"https:\/\/www.drmassa.com.mx\/home\/especialidades\/","title":{"rendered":"Especialidades Cl\u00ednicas"},"content":{"rendered":"<div class=\"et_pb_section et_section_regular\">\r\n\t\t\t\r\n\t\t\t\r\n\t\t\t\t\r\n\t\t\t\t<div class=\"et_pb_row\">\r\n\t\t\t<div class=\"et_pb_column et_pb_column_4_4\">\r\n\t\t\t<div class=\"et_pb_slider et_pb_slider_fullwidth_off et_pb_slider_no_pagination\">\r\n\t\t\t<div class=\"et_pb_slides\">\r\n\t\t\t\t<div class=\"et_pb_slide et_pb_slide_with_image et_pb_bg_layout_dark\" style='background-color:#ffffff;background-image:url(http:\/\/www.drmassa.com.mx\/home\/wp-content\/uploads\/2015\/05\/especialidades.jpg);'>\r\n\t\t\t\r\n\t\t\t<div class=\"et_pb_container clearfix\">\r\n\t\t\t\t<div class=\"et_pb_slide_image\"><img src=\"http:\/\/www.drmassa.com.mx\/home\/wp-content\/uploads\/2015\/05\/tratamientos2.png\" alt=\"\" \/><\/div>\r\n\t\t\t\t<div class=\"et_pb_slide_description\">\r\n\t\t\t\t\t\r\n\t\t\t\t\t<div class=\"et_pb_slide_content\"><\/div>\r\n\t\t\t\t\t\r\n\t\t\t\t<\/div> <!-- .et_pb_slide_description -->\r\n\t\t\t<\/div> <!-- .et_pb_container -->\r\n\t\t\t\r\n\t\t<\/div> <!-- .et_pb_slide -->\r\n\t\t\r\n\t\t\t<\/div> <!-- .et_pb_slides -->\r\n\t\t<\/div> <!-- .et_pb_slider -->\r\n\t\t\r\n\t\t<\/div> <!-- .et_pb_column -->\r\n\t\t<\/div> <!-- .et_pb_row --><div class=\"et_pb_row\">\r\n\t\t\t<div class=\"et_pb_column et_pb_column_4_4\">\r\n\t\t\t<div class=\"et_pb_blurb et_pb_bg_layout_light et_pb_text_align_left et_pb_blurb_position_top\">\r\n\t\t\t<div class=\"et_pb_blurb_content\">\r\n\t\t\t\t\r\n\t\t\t\t\r\n\t\t\t\t\n<p style=\"text-align: center;\"><em><strong>Las siguientes categor\u00edas diagn\u00f3sticas, que presentan las de mayor incidencia en la poblaci\u00f3n, son tambi\u00e9n las que con mayor frecuencia reciben diagn\u00f3stico y tratamiento exitoso con nosotros.<\/strong><\/em><\/p>\n<p>&nbsp;<\/p>\n<ul>\n<li>Trastorno por d\u00e9ficit de atenci\u00f3n, con hiperactividad o sin ella<\/li>\n<li>Trastorno de p\u00e1nico<\/li>\n<li>Ansiedad<\/li>\n<li>Depresi\u00f3n<\/li>\n<li>Otros trastornos del estado de \u00e1nimo<\/li>\n<li>Bipolaridad<\/li>\n<li>Trastorno obsesivo-compulsivo<\/li>\n<li>Trastornos de la alimentaci\u00f3n<\/li>\n<li>Adicciones<\/li>\n<li>Esquizofrenia y otras psicosis<\/li>\n<li>Demencias<\/li>\n<\/ul>\n\r\n\t\t\t<\/div> <!-- .et_pb_blurb_content -->\r\n\t\t<\/div> <!-- .et_pb_blurb -->\r\n\t\t<\/div> <!-- .et_pb_column -->\r\n\t\t<\/div> <!-- .et_pb_row -->\r\n\t\t\t\r\n\t\t<\/div> <!-- .et_pb_section -->\n","protected":false},"excerpt":{"rendered":"","protected":false},"author":1,"featured_media":0,"parent":0,"menu_order":0,"comment_status":"open","ping_status":"open","template":"","meta":[],"_links":{"self":[{"href":"https:\/\/www.drmassa.com.mx\/home\/wp-json\/wp\/v2\/pages\/235"}],"collection":[{"href":"https:\/\/www.drmassa.com.mx\/home\/wp-json\/wp\/v2\/pages"}],"about":[{"href":"https:\/\/www.drmassa.com.mx\/home\/wp-json\/wp\/v2\/types\/page"}],"author":[{"embeddable":true,"href":"https:\/\/www.drmassa.com.mx\/home\/wp-json\/wp\/v2\/users\/1"}],"replies":[{"embeddable":true,"href":"https:\/\/www.drmassa.com.mx\/home\/wp-json\/wp\/v2\/comments?post=235"}],"version-history":[{"count":14,"href":"https:\/\/www.drmassa.com.mx\/home\/wp-json\/wp\/v2\/pages\/235\/revisions"}],"predecessor-version":[{"id":530,"href":"https:\/\/www.drmassa.com.mx\/home\/wp-json\/wp\/v2\/pages\/235\/revisions\/530"}],"wp:attachment":[{"href":"https:\/\/www.drmassa.com.mx\/home\/wp-json\/wp\/v2\/media?parent=235"}],"curies":[{"name":"wp","href":"https:\/\/api.w.org\/{rel}","templated":true}]}}