{"id":534,"date":"2015-07-22T18:19:50","date_gmt":"2015-07-22T18:19:50","guid":{"rendered":"http:\/\/www.drmassa.com.mx\/home\/?page_id=534"},"modified":"2015-07-22T18:32:11","modified_gmt":"2015-07-22T18:32:11","slug":"blog","status":"publish","type":"page","link":"https:\/\/www.drmassa.com.mx\/home\/blog\/","title":{"rendered":"Blog"},"content":{"rendered":"<p><div class=\"et_pb_section et_pb_inner_shadow et_pb_fullwidth_section et_section_regular\" style='background-color:#2ea3f2;'>\r\n\t\t\t\r\n\t\t\t\r\n\t\t\t\t\r\n\t\t\t\t<section class=\"et_pb_fullwidth_header et_pb_bg_layout_dark et_pb_text_align_left\">\r\n\t\t\t<div class=\"et_pb_row\">\r\n\t\t\t\t<h1>Blog de consulta - Dr Massa<\/h1>\r\n\t\t\t\t<p class=\"et_pb_fullwidth_header_subhead\">Temas varios para consulta<\/p>\r\n\t\t\t<\/div>\r\n\t\t<\/section>\r\n\t\t\t\r\n\t\t<\/div> <!-- .et_pb_section --><div class=\"et_pb_section et_section_regular\">\r\n\t\t\t\r\n\t\t\t\r\n\t\t\t\t\r\n\t\t\t\t<div class=\"et_pb_row\">\r\n\t\t\t<div class=\"et_pb_column et_pb_column_4_4\">\r\n\t\t\t<div class=\"et_pb_posts et_pb_bg_layout_light\">\r\n\t\t\t\r\n\t\t<article id=\"post-1385\" class=\"et_pb_post et_pb_no_thumb post-1385 post type-post status-publish format-standard hentry category-noticias\">\r\n\r\n\t\t\r\n\t\t\t\t\t\t\t\t\t<h2><a href=\"https:\/\/www.drmassa.com.mx\/home\/noticias\/las-ondas-cerebrales-ii\/\">LAS ONDAS CEREBRALES II<\/a><\/h2>\r\n\t\t\t\r\n\t\t\t<p class=\"post-meta\">por <a href=\"https:\/\/www.drmassa.com.mx\/home\/author\/martha\/\" title=\"Mensajes de FERNANDO MASSA\" rel=\"author\">FERNANDO MASSA<\/a>  |  Mar 3, 2022  |  <a href=\"https:\/\/www.drmassa.com.mx\/home\/category\/noticias\/\" rel=\"category tag\">Noticias<\/a><\/p>LAS ONDAS CEREBRALES II Los ritmos u ondas cerebrales que hemos mencionado son detectables en cualquier parte del cerebro y, de acuerdo con su amplitud y frecuencia, podemos no solamente identificar el estado mental en que se haya el paciente en el momento del mapeo, sino, sobre todo, cu\u00e1les de esos ritmos se encuentran fuera del rango que se considera ideal para un funcionamiento sano. DELTA Estas ondas est\u00e1n ampliamente distribuidas en ambos hemisferios y ligadas fundamentalmente al sue\u00f1o profundo, necesario para la salud y la recuperaci\u00f3n celular. Fuera de su rango por insuficiencia, las ondas Delta indican falta de sue\u00f1o y posibles problemas en la recuperaci\u00f3n de fatigas y enfermedades. Cuando salen de su rango por exceso, indican problemas de aprendizaje, inatenci\u00f3n, TDA severo e incluso, si se trata de una persona con problemas neurol\u00f3gicos, un posible da\u00f1o cerebral. THETA Se distribuye por regiones en distintos l\u00f3bulos y puede estar presente en uno o en ambos hemisferios, asociada con la creatividad, la intuici\u00f3n y las fantas\u00edas. Porque se relaciona con el sistema l\u00edmbico, se considera que Theta es un \u201carchivo\u201d de memorias, emociones y sensaciones bloqueadas o reprimidas, que pueden hacerse conscientes a la manera de un flashback. La insuficiencia de ondas Theta indica ansiedad, estr\u00e9s, poca autoconciencia emocional y poca empat\u00eda. Su exceso, en cambio, es caracter\u00edstico de los casos de TDAH, depresi\u00f3n, hiperactividad, impulsividad e inatenci\u00f3n. ALPHA Se distribuye regionalmente y por lo general se detecta su mayor amplitud en el hemisferio derecho y en el l\u00f3bulo occipital de ambos hemisferios. Dentro de su rango, las ondas Alpha facilitan la actividad coordinada, los momentos de relajaci\u00f3n,...\t\t\r\n\t\t<\/article> <!-- .et_pb_post -->\r\n\r\n\t\t<article id=\"post-1381\" class=\"et_pb_post et_pb_no_thumb post-1381 post type-post status-publish format-standard hentry category-noticias\">\r\n\r\n\t\t\r\n\t\t\t\t\t\t\t\t\t<h2><a href=\"https:\/\/www.drmassa.com.mx\/home\/noticias\/caracteristicas-de-los-hemisferios-cerebrales\/\">CARACTER\u00cdSTICAS DE LOS HEMISFERIOS CEREBRALES<\/a><\/h2>\r\n\t\t\t\r\n\t\t\t<p class=\"post-meta\">por <a href=\"https:\/\/www.drmassa.com.mx\/home\/author\/martha\/\" title=\"Mensajes de FERNANDO MASSA\" rel=\"author\">FERNANDO MASSA<\/a>  |  Feb 22, 2022  |  <a href=\"https:\/\/www.drmassa.com.mx\/home\/category\/noticias\/\" rel=\"category tag\">Noticias<\/a><\/p>...\t\t\r\n\t\t<\/article> <!-- .et_pb_post -->\r\n\r\n\t\t<article id=\"post-1377\" class=\"et_pb_post et_pb_no_thumb post-1377 post type-post status-publish format-standard hentry category-noticias\">\r\n\r\n\t\t\r\n\t\t\t\t\t\t\t\t\t<h2><a href=\"https:\/\/www.drmassa.com.mx\/home\/noticias\/las-ondas-cerebrales-2\/\">LAS ONDAS CEREBRALES<\/a><\/h2>\r\n\t\t\t\r\n\t\t\t<p class=\"post-meta\">por <a href=\"https:\/\/www.drmassa.com.mx\/home\/author\/martha\/\" title=\"Mensajes de FERNANDO MASSA\" rel=\"author\">FERNANDO MASSA<\/a>  |  Feb 16, 2022  |  <a href=\"https:\/\/www.drmassa.com.mx\/home\/category\/noticias\/\" rel=\"category tag\">Noticias<\/a><\/p>Es sabido que el cerebro es el sistema m\u00e1s complejo de que se tiene conocimiento. Su red de m\u00e1s de 86 mil millones de neuronas se comunica entre s\u00ed, con el cuerpo y con el mundo externo de diversas maneras, entre ellas, la electricidad. En el campo de la psiquiatr\u00eda, resulta de particular inter\u00e9s el acceso a la actividad neuronal mediante la imagen de las se\u00f1ales el\u00e9ctricas, es decir, mediante la forma o apariencia de las ondas que se producen en el cerebro en relaci\u00f3n con el aprendizaje, el pensamiento, las emociones y la conducta, mismas que han podido ser identificadas seg\u00fan su frecuencia o patr\u00f3n r\u00edtmico, medido en hertz. Ese es el \u201clenguaje\u201d con el que nos habla el cerebro. Por su frecuencia, de menor a mayor, las ondas que conocemos hasta el momento son: DELTA (de 1 a 4 hz), presente durante el sue\u00f1o, sobre todo en el sue\u00f1o profundo, y la meditaci\u00f3n. Es m\u00e1s frecuente encontrarla en beb\u00e9s y ni\u00f1os muy chicos. THETA (de 4 a 8 hz), asociada fundamentalmente con la creatividad, la intuici\u00f3n y los procesos de meditaci\u00f3n. Es tambi\u00e9n un punto de acceso al inconsciente. ALPHA 1 (de 8 a 10 hz) dominante en los estados de relajaci\u00f3n y calma. ALPHA 2 (de 10 a 12 hz) indicativa de los estados de alerta y procesamiento r\u00e1pido. En su conjunto, la actividad de ALPHA se asocia con la reflexi\u00f3n interna, la sincron\u00eda cerebral y el rendimiento \u00f3ptimo. SMR (de 12 a 15 hz) tiene que ver con el control de la motricidad. BETA (de 12 a 25 hz) su actividad est\u00e1 asociada con la...\t\t\r\n\t\t<\/article> <!-- .et_pb_post -->\r\n\r\n\t\t<article id=\"post-1371\" class=\"et_pb_post et_pb_no_thumb post-1371 post type-post status-publish format-standard hentry category-noticias\">\r\n\r\n\t\t\r\n\t\t\t\t\t\t\t\t\t<h2><a href=\"https:\/\/www.drmassa.com.mx\/home\/noticias\/mapeo-cerebral\/\">MAPEO CEREBRAL<\/a><\/h2>\r\n\t\t\t\r\n\t\t\t<p class=\"post-meta\">por <a href=\"https:\/\/www.drmassa.com.mx\/home\/author\/martha\/\" title=\"Mensajes de FERNANDO MASSA\" rel=\"author\">FERNANDO MASSA<\/a>  |  Feb 8, 2022  |  <a href=\"https:\/\/www.drmassa.com.mx\/home\/category\/noticias\/\" rel=\"category tag\">Noticias<\/a><\/p>Un elemento fundamental para el diagn\u00f3stico de los trastornos psiqui\u00e1tricos que comentamos en semanas anteriores es el mapeo cerebral, tambi\u00e9n llamado electroencefalograma cuantitativo o qeeg. El electroencefalograma cuantitativo o mapeo cerebral &nbsp;es una muestra de la actividad el\u00e9ctrica del cerebro detectada desde el cr\u00e1neo, por tanto, una t\u00e9cnica de visi\u00f3n de la actividad neuronal no invasiva, que permite un an\u00e1lisis puntual de la actividad de las ondas cerebrales, del ritmo en el que se produce la comunicaci\u00f3n neuronal, correlato necesario de nuestro estado mental, homeost\u00e1tico, es decir, equilibrado en el mejor de los casos, o asociado estructural o funcionalmente con la sintomatolog\u00eda propia de la ansiedad, la depresi\u00f3n, la demencia, el trastorno obsesivo-compulsivo, la esquizofrenia, los trastornos del aprendizaje, del neurodesarrollo, de la personalidad, el d\u00e9ficit de atenci\u00f3n con hiperactividad o sin ella, entre otros de los problemas que aquejan a gran parte de la humanidad y que requieren intervenci\u00f3n psiqui\u00e1trica. Si bien para un diagn\u00f3stico claro e inequ\u00edvoco no basta el puro mapeo, ya que en el surgimiento y desarrollo de un trastorno mental intervienen factores gen\u00e9ticos, familiares, ambientales, etc\u00e9tera, de los que el especialista se informa mediante el levantamiento de una historia cl\u00ednica y de distintas pruebas psicol\u00f3gicas y neuropsiqui\u00e1tricas, s\u00ed resulta decisivo para la elecci\u00f3n y eficacia objetiva &nbsp;del tratamiento que se indique en cada caso, que puede ser farmacol\u00f3gico, psicoterapia, neurofeedback o una combinaci\u00f3n de ellos, evitando as\u00ed errores diagn\u00f3sticos y de tratamiento que pueden ocurrir con la sola exploraci\u00f3n cl\u00ednica. Entre la informaci\u00f3n que brinda al especialista, un mapa cerebral incluye la frecuencia y distribuci\u00f3n de las ondas cerebrales, su amplitud, simetr\u00eda, coherencia, proporci\u00f3n...\t\t\r\n\t\t<\/article> <!-- .et_pb_post -->\r\n\r\n\t\t<article id=\"post-1363\" class=\"et_pb_post et_pb_no_thumb post-1363 post type-post status-publish format-standard hentry category-uncategorized\">\r\n\r\n\t\t\r\n\t\t\t\t\t\t\t\t\t<h2><a href=\"https:\/\/www.drmassa.com.mx\/home\/uncategorized\/salud-mental-y-fisica-pandemia-y-pospandemia\/\">SALUD MENTAL Y F\u00cdSICA, PANDEMIA Y POSPANDEMIA<\/a><\/h2>\r\n\t\t\t\r\n\t\t\t<p class=\"post-meta\">por <a href=\"https:\/\/www.drmassa.com.mx\/home\/author\/martha\/\" title=\"Mensajes de FERNANDO MASSA\" rel=\"author\">FERNANDO MASSA<\/a>  |  Ene 18, 2021  |  <a href=\"https:\/\/www.drmassa.com.mx\/home\/category\/uncategorized\/\" rel=\"category tag\">Uncategorized<\/a><\/p>S\u00cdNDROME POST-COVID 19 Dej\u00e9 correr las primeras semanas de enero con la esperanza de traer como tema las novedades sobre la estrategia y el proceso de vacunaci\u00f3n de los mexicanos. Lo siento, todav\u00eda no hay noticias alentadoras. Siguen en cambio creciendo aceleradamente el n\u00famero de contagios y muertes de esta enfermedad de la que falta tanto por conocer. Para reforzar la convicci\u00f3n de que debemos cuidarnos m\u00e1s que nunca y evitar contagiar y contagiarnos, voy a citar algunas de las respuestas f\u00edsicas inmediatas a la infecci\u00f3n y, con mayor preocupaci\u00f3n, los posibles efectos a largo plazo. Es bien sabido que entre los s\u00edntomas m\u00e1s frecuentes que anuncian temprano la aparici\u00f3n del virus y que pueden ir de leves a severos est\u00e1n: fiebre, tos, cansancio y en muchos casos p\u00e9rdida del gusto y el olfato, as\u00ed como dificultad para respirar, dolores musculares y de las articulaciones, dolor de cabeza y de pecho, taquicardia, problemas de memoria, de concentraci\u00f3n y del sue\u00f1o, erupciones y p\u00e9rdida del cabello. Tambi\u00e9n se ha difundido ampliamente que la mayor parte de las personas que contraen el coronavirus 19 se recuperan completamente en unas semanas. Lamentablemente, sin embargo, cada vez hay m\u00e1s registros cl\u00ednicos y hospitalarios de personas de distintas edades, incluidos mujeres y hombres j\u00f3venes y sanos, que contin\u00faan presentando s\u00edntomas despu\u00e9s de su recuperaci\u00f3n inicial. Esto que ahora se conoce como S\u00cdNDROME POST-COVID y que puede llevar a la muerte a quien lo sufre, incluye da\u00f1os causados por el virus a distintos \u00f3rganos, particularmente el coraz\u00f3n (da\u00f1o duradero en el m\u00fasculo card\u00edaco), los pulmones (problemas respiratorios a largo plazo y da\u00f1o a los alveolos)&nbsp;...\t\t\r\n\t\t<\/article> <!-- .et_pb_post -->\r\n\r\n\t\t<article id=\"post-1358\" class=\"et_pb_post et_pb_no_thumb post-1358 post type-post status-publish format-standard hentry category-noticias\">\r\n\r\n\t\t\r\n\t\t\t\t\t\t\t\t\t<h2><a href=\"https:\/\/www.drmassa.com.mx\/home\/noticias\/salud-mental-pandemia-y-pospandemia-2\/\">SALUD MENTAL, PANDEMIA Y POSPANDEMIA 2<\/a><\/h2>\r\n\t\t\t\r\n\t\t\t<p class=\"post-meta\">por <a href=\"https:\/\/www.drmassa.com.mx\/home\/author\/martha\/\" title=\"Mensajes de FERNANDO MASSA\" rel=\"author\">FERNANDO MASSA<\/a>  |  Dic 16, 2020  |  <a href=\"https:\/\/www.drmassa.com.mx\/home\/category\/noticias\/\" rel=\"category tag\">Noticias<\/a><\/p>Por el tiempo transcurrido, estamos ya en condiciones de analizar las principales emociones que han afectado a la mayor\u00eda de la poblaci\u00f3n durante la pandemia. La intenci\u00f3n de hacer este resumen es ayudar al lector a reconocer como dentro de lo esperado algunas de sus reacciones. Al inicio, domin\u00f3 la incredulidad. Nos sentimos dentro de una pel\u00edcula de terror o de una pesadilla, de la que tendr\u00edamos que salir o despertar. Muchas personas, quiz\u00e1 las m\u00e1s informadas, transitaron pronto de la incredulidad a la ansiedad y al miedo; asumieron su fragilidad e impotencia ante el enemigo invisible. &nbsp;Para otros, en cambio, result\u00f3 inveros\u00edmil la existencia de un virus capaz de producir una gripe mortal. Ajenos al discurso de la ciencia, prefirieron adherirse a las distintas teor\u00edas conspiracionistas, o bien, a la falsa creencia de que a ellos \u201cnada les puede pasar\u201d. Aunque muchas veces la negaci\u00f3n se debi\u00f3 a carencias educativas, las posturas anticient\u00edficas y antivacunas fueron en su mayor\u00eda fomentadas por algunas religiones y por los naturismos y veganismos extremos. Para los convencidos de que estamos viviendo una pandemia y esperamos con ansia recibir la vacuna que corresponda se han sucedido o presentado conjuntamente sentimientos de soledad, tristeza, duelos, enfermedades y todo tipo de p\u00e9rdidas, frustraci\u00f3n, impotencia, culpa, obsesi\u00f3n por saber todo lo concerniente al virus y a las crecientes cifras de contagios y muertes, o bien, alejamiento y desinter\u00e9s por todos esos datos. En otra entrega comentaremos las respuestas f\u00edsicas m\u00e1s frecuentes relacionadas con el Covid cuya desaparici\u00f3n se vislumbra, aunque todav\u00eda lejana. Imagen completa del Caldero de Gundestrup de origen celta. Museo de Copenhague,...\t\t\r\n\t\t<\/article> <!-- .et_pb_post -->\r\n<\/div> <!-- .et_pb_posts --><div class=\"pagination clearfix\">\r\n\t<div class=\"alignleft\"><a href=\"https:\/\/www.drmassa.com.mx\/home\/wp-json\/wp\/v2\/pages\/534\/page\/2\/\" >&laquo; Entradas m\u00e1s antiguas<\/a><\/div>\r\n\t<div class=\"alignright\"><\/div>\r\n<\/div>\r\n\t\t\r\n\t\t<\/div> <!-- .et_pb_column -->\r\n\t\t<\/div> <!-- .et_pb_row --><div class=\"et_pb_row\">\r\n\t\t\t<div class=\"et_pb_column et_pb_column_4_4\">\r\n\t\t\t<div class=\"et_pb_text et_pb_bg_layout_light et_pb_text_align_left\">\r\n\t\t\t\n<p>Los trastornos de ansiedad son causados por factores biol\u00f3gicos y ambientales.<\/p>\n<p>Son formas de ansiedad las fobias, los ataques de p\u00e1nico, el trastorno obsesivo-compulsivo, el estr\u00e9s postraum\u00e1tico, la ansiedad generalizada, los trastornos disociativos y la ansiedad asociada con otra enfermedad f\u00edsica o mental.<\/p>\n<p>Entre sus s\u00edntomas caracter\u00edsticos est\u00e1n: inquietud, anticipaci\u00f3n del miedo, tensi\u00f3n, fatiga, llanto f\u00e1cil, insomnio, dificultad para concentrarse, temblor, taquicardi<span class=\"text_exposed_show\">a, sudoraci\u00f3n excesiva.<\/span><\/p>\n<div class=\"text_exposed_show\">\n<p>Si presenta usted algunos de ellos, ll\u00e1menos.<\/p>\n<p><a href=\"http:\/\/www.drmassa.com.mx\/home\/wp-content\/uploads\/2015\/07\/DSC_0138-2.jpg\"><img decoding=\"async\" loading=\"lazy\" class=\"aligncenter wp-image-539 size-medium\" src=\"http:\/\/www.drmassa.com.mx\/home\/wp-content\/uploads\/2015\/07\/DSC_0138-2-300x221.jpg\" alt=\"DSC_0138-2\" width=\"300\" height=\"221\" srcset=\"https:\/\/www.drmassa.com.mx\/home\/wp-content\/uploads\/2015\/07\/DSC_0138-2-300x221.jpg 300w, https:\/\/www.drmassa.com.mx\/home\/wp-content\/uploads\/2015\/07\/DSC_0138-2-1024x754.jpg 1024w, https:\/\/www.drmassa.com.mx\/home\/wp-content\/uploads\/2015\/07\/DSC_0138-2-1080x795.jpg 1080w, https:\/\/www.drmassa.com.mx\/home\/wp-content\/uploads\/2015\/07\/DSC_0138-2.jpg 1500w\" sizes=\"(max-width: 300px) 100vw, 300px\" \/><\/a><\/p>\n<\/div>\n\r\n\t\t<\/div> <!-- .et_pb_text -->\r\n\t\t<\/div> <!-- .et_pb_column -->\r\n\t\t<\/div> <!-- .et_pb_row -->\r\n\t\t\t\r\n\t\t<\/div> <!-- .et_pb_section --><\/p>\n","protected":false},"excerpt":{"rendered":"","protected":false},"author":1,"featured_media":0,"parent":0,"menu_order":0,"comment_status":"open","ping_status":"open","template":"","meta":[],"_links":{"self":[{"href":"https:\/\/www.drmassa.com.mx\/home\/wp-json\/wp\/v2\/pages\/534"}],"collection":[{"href":"https:\/\/www.drmassa.com.mx\/home\/wp-json\/wp\/v2\/pages"}],"about":[{"href":"https:\/\/www.drmassa.com.mx\/home\/wp-json\/wp\/v2\/types\/page"}],"author":[{"embeddable":true,"href":"https:\/\/www.drmassa.com.mx\/home\/wp-json\/wp\/v2\/users\/1"}],"replies":[{"embeddable":true,"href":"https:\/\/www.drmassa.com.mx\/home\/wp-json\/wp\/v2\/comments?post=534"}],"version-history":[{"count":5,"href":"https:\/\/www.drmassa.com.mx\/home\/wp-json\/wp\/v2\/pages\/534\/revisions"}],"predecessor-version":[{"id":550,"href":"https:\/\/www.drmassa.com.mx\/home\/wp-json\/wp\/v2\/pages\/534\/revisions\/550"}],"wp:attachment":[{"href":"https:\/\/www.drmassa.com.mx\/home\/wp-json\/wp\/v2\/media?parent=534"}],"curies":[{"name":"wp","href":"https:\/\/api.w.org\/{rel}","templated":true}]}}